{"id":24,"date":"2021-05-14T15:45:57","date_gmt":"2021-05-14T18:45:57","guid":{"rendered":"http:\/\/168.197.49.59\/esdu.ar\/?page_id=24"},"modified":"2025-08-12T16:05:35","modified_gmt":"2025-08-12T19:05:35","slug":"nuestros-cursos","status":"publish","type":"page","link":"https:\/\/esdu.ar\/index.php\/nuestros-cursos\/","title":{"rendered":"Nuestros Cursos"},"content":{"rendered":"\n<p>#somosESDU<br>CURSO VIRTUAL<\/p>\n\n\n\n<h4 class=\"wp-block-heading\"><strong>Cuidado y Tratamiento de Distintas Superficies<\/strong><\/h4>\n\n\n\n<p><img decoding=\"async\" src=\"https:\/\/fonts.gstatic.com\/s\/e\/notoemoji\/16.0\/1f4cc\/32.png\" alt=\"\ud83d\udccc\">D\u00edas y horarios: martes y jueves de 10:30 a 12:30 hs.<br><img decoding=\"async\" src=\"https:\/\/fonts.gstatic.com\/s\/e\/notoemoji\/16.0\/1f4cc\/32.png\" alt=\"\ud83d\udccc\">&nbsp;Inicio: martes 12 de agosto<br><img decoding=\"async\" src=\"https:\/\/fonts.gstatic.com\/s\/e\/notoemoji\/16.0\/1f4cc\/32.png\" alt=\"\ud83d\udccc\">&nbsp;Requisitos: &nbsp;<br>Ser mayor de 18 a\u00f1os (durante la pre inscripci\u00f3n se solicitar\u00e1 una foto de tu DNI)<br><img decoding=\"async\" src=\"https:\/\/fonts.gstatic.com\/s\/e\/notoemoji\/16.0\/1f4cc\/32.png\" alt=\"\ud83d\udccc\">&nbsp;Orientado al Personal de Casas Particulares.<br><img decoding=\"async\" src=\"https:\/\/fonts.gstatic.com\/s\/e\/notoemoji\/16.0\/1f4cc\/32.png\" alt=\"\ud83d\udccc\">&nbsp;Duraci\u00f3n: 15 hs.<br>Es GRATUITO \u00a1Cupos limitados! Para pre inscribirte hac\u00e9 click en el siguiente link<img decoding=\"async\" src=\"https:\/\/fonts.gstatic.com\/s\/e\/notoemoji\/16.0\/1f447\/32.png\" alt=\"\ud83d\udc47\"><\/p>\n\n\n\n<p><a href=\"https:\/\/forms.gle\/mUrnWnBAHqbDjwYn8\" target=\"_blank\" rel=\"noreferrer noopener\">https:\/\/forms.gle\/mUrnWnBAHqbDjwYn8<\/a><\/p>\n\n\n\n<figure class=\"wp-block-image size-large\"><img fetchpriority=\"high\" decoding=\"async\" width=\"1024\" height=\"1024\" src=\"https:\/\/esdu.ar\/wp-content\/uploads\/2025\/08\/CTDS_Virtual_07-2025_page-0001-1-1024x1024.jpg\" alt=\"\" class=\"wp-image-843\" srcset=\"https:\/\/esdu.ar\/wp-content\/uploads\/2025\/08\/CTDS_Virtual_07-2025_page-0001-1-1024x1024.jpg 1024w, https:\/\/esdu.ar\/wp-content\/uploads\/2025\/08\/CTDS_Virtual_07-2025_page-0001-1-300x300.jpg 300w, https:\/\/esdu.ar\/wp-content\/uploads\/2025\/08\/CTDS_Virtual_07-2025_page-0001-1-150x150.jpg 150w, https:\/\/esdu.ar\/wp-content\/uploads\/2025\/08\/CTDS_Virtual_07-2025_page-0001-1-768x768.jpg 768w, https:\/\/esdu.ar\/wp-content\/uploads\/2025\/08\/CTDS_Virtual_07-2025_page-0001-1-1536x1536.jpg 1536w, https:\/\/esdu.ar\/wp-content\/uploads\/2025\/08\/CTDS_Virtual_07-2025_page-0001-1-2048x2048.jpg 2048w\" sizes=\"(max-width: 1024px) 100vw, 1024px\" \/><\/figure>\n\n\n\n<hr class=\"wp-block-separator has-alpha-channel-opacity is-style-wide\"\/>\n\n\n\n<h4 class=\"wp-block-heading\"><strong>Certificaci\u00f3n de Competencias Laborales en Cuidado de Adultos Mayores<\/strong><\/h4>\n\n\n\n<p><strong>Requisitos:<\/strong><\/p>\n\n\n\n<p><a><\/a>1. Haber trabajado m\u00ednimo 2 a\u00f1os en cuidado de adultos mayores<\/p>\n\n\n\n<p>2. Ser mayor de 18 a\u00f1os<\/p>\n\n\n\n<p>3. Residir en CABA o Provincia de Buenos Aires<\/p>\n\n\n\n<p><strong>\u00bfPor qu\u00e9 es importante la certificaci\u00f3n?<\/strong><\/p>\n\n\n\n<p>* Obt\u00e9n un t\u00edtulo oficial que garantice tus conocimientos y habilidades<\/p>\n\n\n\n<p>* La certificaci\u00f3n es acreditada por la Secretar\u00eda de Trabajo, Empleo y Seguridad Social de la Naci\u00f3n, UPACP y SACRA<\/p>\n\n\n\n<p><strong>\u00bfC\u00f3mo se realiza?<\/strong><\/p>\n\n\n\n<p>* Examen presencial en la Escuela del Servicio Dom\u00e9stico UPACP<\/p>\n\n\n\n<p>\u00a1Te esperamos!&nbsp;<img decoding=\"async\" height=\"16\" width=\"16\" alt=\"\ud83d\ude04\" src=\"https:\/\/ci3.googleusercontent.com\/meips\/ADKq_NZE4-vpS-icFyHUfzrxhdVXfF65VRh0Dro1IVUUe1tmFZz1myQvJ-AKSaWHTDI0-PqIo-grPgSoHmk7n3Xxo1u2a6JJUyh_-TvfJn5Zg7chytGObCW0-xc=s0-d-e1-ft#https:\/\/static.xx.fbcdn.net\/images\/emoji.php\/v9\/td2\/1\/16\/1f604.png\"><\/p>\n\n\n\n<p>+Info: 011 15-6515-1945 &#8211; 4821- 6444<\/p>\n\n\n\n<figure class=\"wp-block-image size-large\"><img decoding=\"async\" width=\"724\" height=\"1024\" src=\"https:\/\/esdu.ar\/wp-content\/uploads\/2025\/08\/Certificacion-de-Competencias-Laborales-2-724x1024.png\" alt=\"\" class=\"wp-image-795\" srcset=\"https:\/\/esdu.ar\/wp-content\/uploads\/2025\/08\/Certificacion-de-Competencias-Laborales-2-724x1024.png 724w, https:\/\/esdu.ar\/wp-content\/uploads\/2025\/08\/Certificacion-de-Competencias-Laborales-2-212x300.png 212w, https:\/\/esdu.ar\/wp-content\/uploads\/2025\/08\/Certificacion-de-Competencias-Laborales-2-768x1086.png 768w, https:\/\/esdu.ar\/wp-content\/uploads\/2025\/08\/Certificacion-de-Competencias-Laborales-2-1086x1536.png 1086w, https:\/\/esdu.ar\/wp-content\/uploads\/2025\/08\/Certificacion-de-Competencias-Laborales-2-1448x2048.png 1448w, https:\/\/esdu.ar\/wp-content\/uploads\/2025\/08\/Certificacion-de-Competencias-Laborales-2.png 1587w\" sizes=\"(max-width: 724px) 100vw, 724px\" \/><\/figure>\n\n\n\n<hr class=\"wp-block-separator has-alpha-channel-opacity is-style-wide\"\/>\n\n\n\n<h4 class=\"wp-block-heading\"><strong>Curso de Computaci\u00f3n y Tecnolog\u00edas Digitales<\/strong><\/h4>\n\n\n\n<p>Cabe destacar que el curso se lleva adelante en articulaci\u00f3n con el Ministerio de Educaci\u00f3n de la Ciudad de Buenos Aires.<\/p>\n\n\n\n<p><strong>Dia de cursada:<\/strong>&nbsp;martes de 13:30 a 15:30 hs<\/p>\n\n\n\n<p><strong>Modalidad:<\/strong>&nbsp;presencial<\/p>\n\n\n\n<p><strong>Lugar:<\/strong>&nbsp;Charcas 2659, CABA.<\/p>\n\n\n\n<p><strong>\u00a1Gratuito!<\/strong><\/p>\n\n\n\n<p>\u00a1Todav\u00eda est\u00e1s a tiempo de inscribirte, te esperamos!<\/p>\n\n\n\n<p>+ info: wsp 1165151945<\/p>\n\n\n\n<figure class=\"wp-block-image size-large\"><img loading=\"lazy\" decoding=\"async\" width=\"768\" height=\"1024\" src=\"https:\/\/esdu.ar\/wp-content\/uploads\/2025\/08\/506115842_1134677225365740_5732313449340833941_n-768x1024.jpg\" alt=\"\" class=\"wp-image-819\" srcset=\"https:\/\/esdu.ar\/wp-content\/uploads\/2025\/08\/506115842_1134677225365740_5732313449340833941_n-768x1024.jpg 768w, https:\/\/esdu.ar\/wp-content\/uploads\/2025\/08\/506115842_1134677225365740_5732313449340833941_n-225x300.jpg 225w, https:\/\/esdu.ar\/wp-content\/uploads\/2025\/08\/506115842_1134677225365740_5732313449340833941_n-1152x1536.jpg 1152w, https:\/\/esdu.ar\/wp-content\/uploads\/2025\/08\/506115842_1134677225365740_5732313449340833941_n.jpg 1200w\" sizes=\"(max-width: 768px) 100vw, 768px\" \/><\/figure>\n\n\n\n<hr class=\"wp-block-separator has-alpha-channel-opacity is-style-wide\"\/>\n","protected":false},"excerpt":{"rendered":"<p>#somosESDUCURSO VIRTUAL Cuidado y Tratamiento de Distintas Superficies D\u00edas y horarios: martes y jueves de 10:30 a 12:30 hs.&nbsp;Inicio: martes 12 de agosto&nbsp;Requisitos: &nbsp;Ser mayor de 18 a\u00f1os (durante la pre inscripci\u00f3n se solicitar\u00e1 una foto de tu DNI)&nbsp;Orientado al Personal de Casas Particulares.&nbsp;Duraci\u00f3n: 15 hs.Es GRATUITO \u00a1Cupos limitados! Para pre inscribirte hac\u00e9 click en&hellip;&nbsp;<a href=\"https:\/\/esdu.ar\/index.php\/nuestros-cursos\/\" class=\"\" rel=\"bookmark\">Leer m\u00e1s &raquo;<span class=\"screen-reader-text\">Nuestros Cursos<\/span><\/a><\/p>\n","protected":false},"author":1,"featured_media":0,"parent":0,"menu_order":0,"comment_status":"closed","ping_status":"closed","template":"","meta":{"neve_meta_sidebar":"","neve_meta_container":"","neve_meta_enable_content_width":"","neve_meta_content_width":0,"neve_meta_title_alignment":"","neve_meta_author_avatar":"","neve_post_elements_order":"","neve_meta_disable_header":"","neve_meta_disable_footer":"","neve_meta_disable_title":"","footnotes":""},"class_list":["post-24","page","type-page","status-publish","hentry"],"_links":{"self":[{"href":"https:\/\/esdu.ar\/index.php\/wp-json\/wp\/v2\/pages\/24","targetHints":{"allow":["GET"]}}],"collection":[{"href":"https:\/\/esdu.ar\/index.php\/wp-json\/wp\/v2\/pages"}],"about":[{"href":"https:\/\/esdu.ar\/index.php\/wp-json\/wp\/v2\/types\/page"}],"author":[{"embeddable":true,"href":"https:\/\/esdu.ar\/index.php\/wp-json\/wp\/v2\/users\/1"}],"replies":[{"embeddable":true,"href":"https:\/\/esdu.ar\/index.php\/wp-json\/wp\/v2\/comments?post=24"}],"version-history":[{"count":8,"href":"https:\/\/esdu.ar\/index.php\/wp-json\/wp\/v2\/pages\/24\/revisions"}],"predecessor-version":[{"id":844,"href":"https:\/\/esdu.ar\/index.php\/wp-json\/wp\/v2\/pages\/24\/revisions\/844"}],"wp:attachment":[{"href":"https:\/\/esdu.ar\/index.php\/wp-json\/wp\/v2\/media?parent=24"}],"curies":[{"name":"wp","href":"https:\/\/api.w.org\/{rel}","templated":true}]}}

<p>#somosESDU<br>CURSO VIRTUAL</p>



<h4 class="wp-block-heading"><strong>Cuidado y Tratamiento de Distintas Superficies</strong></h4>



<p><img decoding="async" src="https://fonts.gstatic.com/s/e/notoemoji/16.0/1f4cc/32.png" alt="📌">Días y horarios: martes y jueves de 10:30 a 12:30 hs.<br><img decoding="async" src="https://fonts.gstatic.com/s/e/notoemoji/16.0/1f4cc/32.png" alt="📌">&nbsp;Inicio: martes 12 de agosto<br><img decoding="async" src="https://fonts.gstatic.com/s/e/notoemoji/16.0/1f4cc/32.png" alt="📌">&nbsp;Requisitos: &nbsp;<br>Ser mayor de 18 años (durante la pre inscripción se solicitará una foto de tu DNI)<br><img decoding="async" src="https://fonts.gstatic.com/s/e/notoemoji/16.0/1f4cc/32.png" alt="📌">&nbsp;Orientado al Personal de Casas Particulares.<br><img decoding="async" src="https://fonts.gstatic.com/s/e/notoemoji/16.0/1f4cc/32.png" alt="📌">&nbsp;Duración: 15 hs.<br>Es GRATUITO ¡Cupos limitados! Para pre inscribirte hacé click en el siguiente link<img decoding="async" src="https://fonts.gstatic.com/s/e/notoemoji/16.0/1f447/32.png" alt="👇"></p>



<p><a href="https://forms.gle/mUrnWnBAHqbDjwYn8" target="_blank" rel="noreferrer noopener">https://forms.gle/mUrnWnBAHqbDjwYn8</a></p>



<figure class="wp-block-image size-large"><img fetchpriority="high" decoding="async" width="1024" height="1024" src="https://esdu.ar/wp-content/uploads/2025/08/CTDS_Virtual_07-2025_page-0001-1-1024x1024.jpg" alt="" class="wp-image-843" srcset="https://esdu.ar/wp-content/uploads/2025/08/CTDS_Virtual_07-2025_page-0001-1-1024x1024.jpg 1024w, https://esdu.ar/wp-content/uploads/2025/08/CTDS_Virtual_07-2025_page-0001-1-300x300.jpg 300w, https://esdu.ar/wp-content/uploads/2025/08/CTDS_Virtual_07-2025_page-0001-1-150x150.jpg 150w, https://esdu.ar/wp-content/uploads/2025/08/CTDS_Virtual_07-2025_page-0001-1-768x768.jpg 768w, https://esdu.ar/wp-content/uploads/2025/08/CTDS_Virtual_07-2025_page-0001-1-1536x1536.jpg 1536w, https://esdu.ar/wp-content/uploads/2025/08/CTDS_Virtual_07-2025_page-0001-1-2048x2048.jpg 2048w" sizes="(max-width: 1024px) 100vw, 1024px" /></figure>



<hr class="wp-block-separator has-alpha-channel-opacity is-style-wide"/>



<h4 class="wp-block-heading"><strong>Certificación de Competencias Laborales en Cuidado de Adultos Mayores</strong></h4>



<p><strong>Requisitos:</strong></p>



<p><a></a>1. Haber trabajado mínimo 2 años en cuidado de adultos mayores</p>



<p>2. Ser mayor de 18 años</p>



<p>3. Residir en CABA o Provincia de Buenos Aires</p>



<p><strong>¿Por qué es importante la certificación?</strong></p>



<p>* Obtén un título oficial que garantice tus conocimientos y habilidades</p>



<p>* La certificación es acreditada por la Secretaría de Trabajo, Empleo y Seguridad Social de la Nación, UPACP y SACRA</p>



<p><strong>¿Cómo se realiza?</strong></p>



<p>* Examen presencial en la Escuela del Servicio Doméstico UPACP</p>



<p>¡Te esperamos!&nbsp;<img decoding="async" height="16" width="16" alt="😄" src="https://ci3.googleusercontent.com/meips/ADKq_NZE4-vpS-icFyHUfzrxhdVXfF65VRh0Dro1IVUUe1tmFZz1myQvJ-AKSaWHTDI0-PqIo-grPgSoHmk7n3Xxo1u2a6JJUyh_-TvfJn5Zg7chytGObCW0-xc=s0-d-e1-ft#https://static.xx.fbcdn.net/images/emoji.php/v9/td2/1/16/1f604.png"></p>



<p>+Info: 011 15-6515-1945 &#8211; 4821- 6444</p>



<figure class="wp-block-image size-large"><img decoding="async" width="724" height="1024" src="https://esdu.ar/wp-content/uploads/2025/08/Certificacion-de-Competencias-Laborales-2-724x1024.png" alt="" class="wp-image-795" srcset="https://esdu.ar/wp-content/uploads/2025/08/Certificacion-de-Competencias-Laborales-2-724x1024.png 724w, https://esdu.ar/wp-content/uploads/2025/08/Certificacion-de-Competencias-Laborales-2-212x300.png 212w, https://esdu.ar/wp-content/uploads/2025/08/Certificacion-de-Competencias-Laborales-2-768x1086.png 768w, https://esdu.ar/wp-content/uploads/2025/08/Certificacion-de-Competencias-Laborales-2-1086x1536.png 1086w, https://esdu.ar/wp-content/uploads/2025/08/Certificacion-de-Competencias-Laborales-2-1448x2048.png 1448w, https://esdu.ar/wp-content/uploads/2025/08/Certificacion-de-Competencias-Laborales-2.png 1587w" sizes="(max-width: 724px) 100vw, 724px" /></figure>



<hr class="wp-block-separator has-alpha-channel-opacity is-style-wide"/>



<h4 class="wp-block-heading"><strong>Curso de Computación y Tecnologías Digitales</strong></h4>



<p>Cabe destacar que el curso se lleva adelante en articulación con el Ministerio de Educación de la Ciudad de Buenos Aires.</p>



<p><strong>Dia de cursada:</strong>&nbsp;martes de 13:30 a 15:30 hs</p>



<p><strong>Modalidad:</strong>&nbsp;presencial</p>



<p><strong>Lugar:</strong>&nbsp;Charcas 2659, CABA.</p>



<p><strong>¡Gratuito!</strong></p>



<p>¡Todavía estás a tiempo de inscribirte, te esperamos!</p>



<p>+ info: wsp 1165151945</p>



<figure class="wp-block-image size-large"><img loading="lazy" decoding="async" width="768" height="1024" src="https://esdu.ar/wp-content/uploads/2025/08/506115842_1134677225365740_5732313449340833941_n-768x1024.jpg" alt="" class="wp-image-819" srcset="https://esdu.ar/wp-content/uploads/2025/08/506115842_1134677225365740_5732313449340833941_n-768x1024.jpg 768w, https://esdu.ar/wp-content/uploads/2025/08/506115842_1134677225365740_5732313449340833941_n-225x300.jpg 225w, https://esdu.ar/wp-content/uploads/2025/08/506115842_1134677225365740_5732313449340833941_n-1152x1536.jpg 1152w, https://esdu.ar/wp-content/uploads/2025/08/506115842_1134677225365740_5732313449340833941_n.jpg 1200w" sizes="(max-width: 768px) 100vw, 768px" /></figure>



<hr class="wp-block-separator has-alpha-channel-opacity is-style-wide"/>

<p>#somosESDUCURSO VIRTUAL Cuidado y Tratamiento de Distintas Superficies Días y horarios: martes y jueves de 10:30 a 12:30 hs.&nbsp;Inicio: martes 12 de agosto&nbsp;Requisitos: &nbsp;Ser mayor de 18 años (durante la pre inscripción se solicitará una foto de tu DNI)&nbsp;Orientado al Personal de Casas Particulares.&nbsp;Duración: 15 hs.Es GRATUITO ¡Cupos limitados! Para pre inscribirte hacé click en&hellip;&nbsp;<a href="https://esdu.ar/index.php/nuestros-cursos/" class="" rel="bookmark">Leer más &raquo;<span class="screen-reader-text">Nuestros Cursos</span></a></p>
